
True
Is 25969 a composite number?
False
Is 3793 a composite number?
False
Is 635155 a prime number?
False
Is 68767 a prime number?
True
Is 68017 a composite number?
True
Is 1563 composite?
True
Is 233437 prime?
True
Is 7711 prime?
False
Is 16663 prime?
False
Is 4547 a prime number?
True
Is 1259 prime?
True
Is 4049 a prime number?
True
Is 15278 a composite number?
True
Is 99211 a composite number?
True
Is 147221 a prime number?
True
Is 17571 prime?
False
Is 9757 composite?
True
Is 74587 prime?
True
Is 10334 prime?
False
Is 1049361 a composite number?
True
Is 2099 composite?
False
Is 476081 composite?
False
Is 10007 prime?
True
Is 60361 composite?
True
Is 27597 prime?
False
Is 21239 a prime number?
False
Is 1772723 prime?
True
Is 242551 prime?
True
Is 3391727 a composite number?
True
Is 118127 prime?
True
Is 267515 a prime number?
False
Is 4387 prime?
False
Is 3299 a composite number?
False
Is 2483 a prime number?
False
Is 29243 a composite number?
False
Is 121037 a composite number?
True
Is 160819 composite?
True
Is 1801 prime?
True
Is 4751 composite?
False
Is 122411 composite?
True
Is 299755 a composite number?
True
Is 64289 a prime number?
False
Is 29917 prime?
True
Is 733759 a prime number?
False
Is 44627 prime?
False
Is 5077 a prime number?
True
Is 22421 prime?
False
Is 3613 composite?
False
Is 1381 a composite number?
False
Is 10 composite?
True
Is 1477 prime?
False
Is 20578 a composite number?
True
Is 396841 a prime number?
False
Is 23269 prime?
True
Is 284021 a prime number?
False
Is 10723 a prime number?
True
Is 80789 composite?
False
Is 30211 composite?
False
Is 22013 a composite number?
False
Is 241861 composite?
False
Is 934 composite?
True
Is 2156993 composite?
False
Is 124879 prime?
False
Is 37486 prime?
False
Is 186357 a composite number?
True
Is 28199 a prime number?
False
Is 751951 a prime number?
False
Is 417557 prime?
False
Is 171821 composite?
True
Is 424961 composite?
False
Is 14901 prime?
False
Is 593911 a composite number?
True
Is 30047 a composite number?
False
Is 267567 a composite number?
True
Is 41962 composite?
True
Is 250919 a composite number?
False
Is 190093 a composite number?
False
Is 102849 prime?
False
Is 42821 composite?
False
Is 9517 a prime number?
False
Is 490393 prime?
True
Is 223 a composite number?
False
Is 698693 a composite number?
True
Is 280837 composite?
False
Is 33083 a prime number?
True
Is 21485 a prime number?
False
Is 7433 a composite number?
False
Is 50929 a composite number?
False
Is 50221 a prime number?
True
Is 164443 prime?
True
Is 943 prime?
False
Is 23849 composite?
True
Is 1067 prime?
False
Is 134243 a prime number?
True
Is 4981 a composite number?
True
Is 9719 prime?
True
Is 852011 prime?
True
Is 45874 a composite number?
True
Is 326285 a composite number?
True
Is 7283 prime?
True
Is 495247 prime?
False
Is 6089 a composite number?
False
Is 4871 prime?
True
Is 172889 a composite number?
True
Is 4573 composite?
True
Is 31343 prime?
False
Is 648449 a prime number?
True
Is 24011 prime?
False
Is 153689 prime?
True
Is 937 composite?
False
Is 196379 prime?
True
Is 12601 composite?
False
Is 14281 prime?
True
Is 35141 a prime number?
True
Is 8999 composite?
False
Is 62126 composite?
True
Is 100783 composite?
True
Is 21731 prime?
False
Is 1397 a prime number?
False
Is 6389 a prime number?
True
Is 101627 composite?
False
Is 53527 composite?
False
Is 1973 a composite number?
False
Is 289063 a prime number?
True
Is 48571 a prime number?
True
Is 744593 prime?
False
Is 1009 a prime number?
True
Is 363257 a composite number?
False
Is 30211 a composite number?
False
Is 10637 composite?
True
Is 2237 composite?
False
Is 495821 a prime number?
True
Is 866737 composite?
False
Is 22805 prime?
False
Is 2485759 composite?
False
Is 41867 prime?
False
Is 1513 composite?
True
Is 21941 prime?
False
Is 2827 a composite number?
True
Is 37951 a prime number?
True
Is 1874143 a composite number?
False
Is 551951 prime?
True
Is 1211 composite?
True
Is 150301 prime?
True
Is 11467 a composite number?
False
Is 18199 prime?
True
Is 195029 composite?
False
Is 23453 prime?
False
Is 260747 a prime number?
True
Is 299311 prime?
True
Is 54241 prime?
False
Is 108079 a prime number?
True
Is 1756187 prime?
True
Is 1459 prime?
True
Is 79405 composite?
True
Is 26303 a prime number?
False
Is 241771 prime?
True
Is 1461 a composite number?
True
Is 1457 a composite number?
True
Is 18065 prime?
False
Is 16333 a composite number?
False
Is 97103 a composite number?
False
Is 273613 composite?
False
Is 8069 composite?
False
Is 18461 prime?
True
Is 6389 composite?
False
Is 26223 prime?
False
Is 19733 a prime number?
False
Is 80737 a prime number?
True
Is 1147363 composite?
True
Is 6805 prime?
False
Is 104267 prime?
False
Is 252949 composite?
False
Is 453959 a composite number?
True
Is 1412339 a prime number?
True
Is 78401 composite?
False
Is 236207 prime?
True
Is 2579 prime?
True
Is 182911 composite?
True
Is 16057 a prime number?
True
Is 898181 prime?
True
Is 104579 prime?
True
Is 38765 a composite number?
True
Is 45593 a composite number?
True
Is 29383 a prime number?
True
Is 48647 composite?
False
Is 7621 a composite number?
False
Is 558281 a prime number?
False
Is 6274 composite?
True
Is 93853 prime?
False
Is 921433 a composite number?
True
Is 453503 a composite number?
True
Is 113327 composite?
False
Is 16997 a composite number?
True
Is 8057 composite?
True
Is 11335 a prime number?
False
Is 241291 a prime number?
True
Is 167149 prime?
True
Is 16859 prime?
False
Is 70289 a prime number?
True
Is 731279 a prime number?
False
Is 676859 composite?
False
Is 7909 a prime number?
False
Is 6997 a composite number?
False
Is 30467 a prime number?
True
Is 108857 prime?
False
Is 2019 composite?
True
Is 408479 composite?
False
Is 37255 composite?
True
Is 16271 a prime number?
False
Is 2080115 prime?
False
Is 1827893 prime?
False
Is 14281 a composite number?
False
Is 440351 composite?
True
Is 1253013 composite?
True
Is 80029 a composite number?
True
Is 222247 a prime number?
True
Is 44293 composite?
False
Is 8903 a composite number?
True
Is 679 a prime number?
False
Is 2083067 prime?
False
Is 606997 a prime number?
True
Is 352181 a prime number?
True
Is 1591 prime?
False
Is 387763 composite?
False
Is 156007 a composite number?
False
Is 17863 a composite number?
False
Is 3091 composite?
True
Is 4735 prime?
False
Is 6499 prime?
False
Is 4861 a composite number?
False
Is 226961 a composite number?
True
Is 59071 composite?
True
Is 83015 composite?
True
Is 2813867 composite?
True
Is 447929 a prime number?
False
Is 35095 a composite number?
True
Is 502303 composite?
True
Is 2847167 a composite number?
False
Is 7477 a composite number?
False
Is 2156897 prime?
True
Is 83047 a composite number?
False
Is 450717 a prime number?
False
Is 1488493 composite?
False
Is 22669 a prime number?
True
Is 6941 prime?
False
Is 124843 a prime number?
False
Is 258809 composite?
False
Is 5389 prime?
False
Is 13487 a prime number?
True
Is 8983 a composite number?
True
Is 47 prime?
True
Is 1161829 a prime number?
True
Is 54917 a composite number?
False
Is 194659 prime?
True
Is 3997 a prime number?
False
Is 198179 prime?
True
Is 275503 prime?
True
Is 33179 prime?
True
Is 553411 a composite number?
False
Is 82801 prime?
False
Is 42899 composite?
False
Is 12611 prime?
True
Is 56237 composite?
False
Is 38419 prime?
False
Is 310481 a prime number?
True
Is 69013 prime?
False
Is 6997 prime?
True
Is 575713 a composite number?
True
Is 7789 a composite number?
False
Is 31399 composite?
True
Is 24607 composite?
True
Is 62783 a prime number?
False
Is 380431 prime?
False
Is 36443 composite?
True
Is 164195 a prime number?
False
Is 21089 a prime number?
True
Is 89545 a composite number?
True
Is 2999 prime?
True
Is 3977 prime?
False
Is 293939 prime?
False
Is 369893 a composite number?
False
Is 131869 a composite number?
True
Is 1372867 a prime number?
True
Is 23083 prime?
False
Is 14483 composite?
True
Is 13943 composite?
True
Is 2301269 prime?
True
Is 41315 composite?
True
Is 183151 a prime number?
True
Is 7373947 prime?
False
Is 223781 prime?
True
Is 63203 composite?
True
Is 3505393 composite?
True
Is 31643 a prime number?
True
Is 5981 a composite number?
False
Is 59587 prime?
False
Is 1132